{"id":300,"date":"2019-01-23T11:42:03","date_gmt":"2019-01-23T10:42:03","guid":{"rendered":"https:\/\/blog.wizzbe.fr\/?page_id=300"},"modified":"2019-04-25T14:59:09","modified_gmt":"2019-04-25T12:59:09","slug":"charte-editorial-du-blog-wizzbe","status":"publish","type":"page","link":"https:\/\/blog.wizzbe.fr\/index.php\/charte-editorial-du-blog-wizzbe\/","title":{"rendered":"Charte \u00e9ditoriale du blog Wizzbe"},"content":{"rendered":"<p>[et_pb_section fb_built=&#8221;1&#8243; _builder_version=&#8221;3.19.7&#8243;][et_pb_row _builder_version=&#8221;3.19.7&#8243;][et_pb_column type=&#8221;4_4&#8243; _builder_version=&#8221;3.19.7&#8243; parallax=&#8221;off&#8221; parallax_method=&#8221;on&#8221;][et_pb_text _builder_version=&#8221;3.19.7&#8243; inline_fonts=&#8221;Arial&#8221;]<\/p>\n<h1><span style=\"font-family: Arial; font-weight: normal; font-size: x-large;\"><b>Charte \u00e9ditoriale blog Wizzbe<\/b><\/span><\/h1>\n<p><span style=\"font-family: Arial; font-weight: normal; font-size: x-large;\"><b><\/b><\/span><\/p>\n<p><span style=\"font-weight: 400; font-family: Arial;\">Cette charte doit \u00eatre accept\u00e9e par toute personne souhaitant proposer des contenus pour le blog Wizzbe.<\/span><\/p>\n<p><span style=\"font-family: Arial;\"><b>I\/ La ligne \u00e9ditoriale<\/b><\/span><\/p>\n<p><span style=\"font-family: Arial;\"><span style=\"font-weight: 400;\">Le blog Wizzbe est destin\u00e9 aux enseignants et r\u00e9f\u00e9rents num\u00e9riques qui utilisent les outils num\u00e9riques en classe ou dans leur \u00e9tablissement. Il rassemble des exemples d&#8217;usages, d\u2019animations, d\u2019actions, des retours d&#8217;exp\u00e9rience, des d\u2019initiatives, \u00a0qui ont tous pour point commun de contribuer au d\u00e9veloppement des usages num\u00e9riques dans les \u00e9tablissements scolaires.<\/span><span style=\"font-weight: 400;\"><br \/> <\/span><span style=\"font-weight: 400;\">Sur ce blog, nous favorisons la diversit\u00e9 des contenus, la transversalit\u00e9 des intervenants et des informations relay\u00e9es.<\/span><span style=\"font-weight: 400;\"><br \/> <\/span><span style=\"font-weight: 400;\">Notre but : pouvoir toucher un maximum de personnes et faciliter la mise \u00e0 disposition d\u2019informations constructives.<\/span><\/span><\/p>\n<p><span style=\"font-family: Arial;\"><b>II\/ Les contenus<\/b><\/span><\/p>\n<p><span style=\"font-family: Arial;\"><i><span style=\"font-weight: 400;\">Pour tout contenu<\/span><\/i><span style=\"font-weight: 400;\"> :<\/span><\/span><\/p>\n<p><span style=\"font-weight: 400; font-family: Arial;\">Quel que soit le support, nous avons d\u00e9fini plusieurs r\u00e8gles communes :<\/span><\/p>\n<ul>\n<li style=\"font-weight: 400;\"><span style=\"font-weight: 400; font-family: Arial;\">L\u2019auteur s\u2019engage \u00e0 pr\u00e9senter des usages qu\u2019il aura lui-m\u00eame mis en place avec une classe<\/span><\/li>\n<li style=\"font-weight: 400;\"><span style=\"font-weight: 400; font-family: Arial;\">Il est interdit de copier des sites internet ou autre : il est obligatoire d\u2019\u00e9crire et de produire soi-m\u00eame un article propos\u00e9 pour le blog Wizzbe<\/span><\/li>\n<li style=\"font-weight: 400;\"><span style=\"font-weight: 400; font-family: Arial;\">Adopter un ton l\u00e9ger et factuel, constructif et simple.<\/span><\/li>\n<li style=\"font-weight: 400;\"><span style=\"font-weight: 400; font-family: Arial;\">Utiliser le plus possible le mode pr\u00e9sent <\/span><\/li>\n<li style=\"font-weight: 400;\"><span style=\"font-weight: 400; font-family: Arial;\">Favoriser les phrases courtes.<\/span><\/li>\n<li style=\"font-weight: 400;\"><span style=\"font-weight: 400; font-family: Arial;\">Les sources doivent \u00eatre cit\u00e9es avec un renvoi en fin d\u2019article (ou, sur le blog, avec un lien s\u2019il s\u2019agit d\u2019une source web).<\/span><\/li>\n<li style=\"font-weight: 400;\"><span style=\"font-weight: 400; font-family: Arial;\">Chaque article propos\u00e9 doit dans la mesure du possible \u00eatre accompagn\u00e9 d\u2019au moins une photo ou une illustration.<\/span><\/li>\n<\/ul>\n<p><span style=\"font-family: Arial;\"><i><span style=\"font-weight: 400;\">Pour les articles <\/span><\/i><span style=\"font-weight: 400;\">respecter la structure d\u00e9crite le document \u201cProposition d\u2019article pour le blog Wizzbe\u201d.<\/span><\/span><\/p>\n<p><span style=\"font-family: Arial;\"><i><span style=\"font-weight: 400;\">Pour les photos et illustrations fournies <\/span><\/i><span style=\"font-weight: 400;\">:<\/span><\/span><\/p>\n<ul>\n<li style=\"font-weight: 400;\"><span style=\"font-weight: 400; font-family: Arial;\">Citer l\u2019auteur ou le cr\u00e9diter.<\/span><\/li>\n<li style=\"font-weight: 400;\"><span style=\"font-weight: 400; font-family: Arial;\">Expliquer qui sont les personnes repr\u00e9sent\u00e9es et leurs fonctions.<\/span><\/li>\n<li style=\"font-weight: 400;\"><span style=\"font-weight: 400; font-family: Arial;\">Pr\u00e9ciser le lieu o\u00f9 la photo a \u00e9t\u00e9 prise.<\/span><\/li>\n<li style=\"font-weight: 400;\"><span style=\"font-weight: 400; font-family: Arial;\">Demander l\u2019accord pour publication au moment de la prise de photo.<\/span><\/li>\n<li style=\"font-weight: 400;\"><span style=\"font-weight: 400; font-family: Arial;\">Si r\u00e9cup\u00e9ration de visuels, demander l\u2019autorisation d\u2019utilisation.<\/span><\/li>\n<li style=\"font-weight: 400;\"><span style=\"font-weight: 400; font-family: Arial;\">Les photos doivent \u00eatre libres de droits (attention : les images trouv\u00e9es sur le web ne le sont pas toutes).<\/span><\/li>\n<li style=\"font-weight: 400;\"><span style=\"font-weight: 400; font-family: Arial;\">Lors de l\u2019envoi d\u2019un article \u00e0 la r\u00e9daction, pr\u00e9ciser la provenance des photos l\u2019accompagnant, trouv\u00e9e sur une banque d\u2019images libres de droits\u2026).<\/span><\/li>\n<li style=\"font-weight: 400;\"><span style=\"font-weight: 400; font-family: Arial;\">Envoyer dans la mesure du possible des photos au format JPEG de 300 x 225 pixels <\/span><\/li>\n<\/ul>\n<p><span style=\"font-family: Arial;\"><b>III\/ Liens externes et internes<\/b><\/span><\/p>\n<p><span style=\"font-weight: 400; font-family: Arial;\">Dans l&#8217;article, on peut faire r\u00e9f\u00e9rence \u00e0 d&#8217;autres sites dont on parle dans le blog). Ne pas mettre plus d&#8217;un lien sortant par article. <\/span><\/p>\n<p><span style=\"font-family: Arial;\"><b>IV\/<\/b> <b>Le respect du droit de la propri\u00e9t\u00e9 intellectuelle<\/b><\/span><\/p>\n<p><span style=\"font-weight: 400; font-family: Arial;\">Les contenus publi\u00e9s devront respecter le droit de la propri\u00e9t\u00e9 intellectuelle. Nous demandons aux contributeurs de v\u00e9rifier scrupuleusement l\u2019origine des ressources qu\u2019ils proposent. Pour la publication d\u2019images, il existe en ligne quantit\u00e9 de fonds libres de droits, ou sous licence Creative Commons ou encore relevant du domaine public qui pourront \u00eatre exploit\u00e9s. Le responsable d\u2019\u00e9dition veillera au respect du droit de la propri\u00e9t\u00e9 intellectuelle dans les contenus postulant \u00e0 la publication.<\/span><\/p>\n<p><span style=\"font-family: Arial;\"><b>V\/ Validation avant parution<\/b><\/span><\/p>\n<p><span style=\"font-weight: 400; font-family: Arial;\">Les propositions d\u2019articles seront transmises au mod\u00e9rateur du blog \u00a0et publi\u00e9es d\u00e8s que possible dans la mesure o\u00f9 les crit\u00e8res d\u00e9crits sont respect\u00e9s. <\/span><\/p>\n<p><span style=\"font-family: Arial;\"><b>VI\/ Commentaires<\/b><\/span><\/p>\n<p><span style=\"font-weight: 400; font-family: Arial;\">Les commentaires viennent enrichir l\u2019article des r\u00e9actions des lecteurs et permettront sans doute de prolonger les r\u00e9flexions. Ils seront soumis au contr\u00f4le mod\u00e9rateur du responsable d\u2019\u00e9dition. Les commentaires contenants des propos injurieux ou d\u00e9notant d\u2019un acharnement pol\u00e9mique envers un autre commentateur, envers l\u2019institution scolaire ou envers le contenu du pr\u00e9sent blog seront supprim\u00e9s. <\/span><\/p>\n<p><span style=\"font-weight: 400;\"><span style=\"font-family: Arial;\">Nous vous avertirons par mail des commentaires publi\u00e9s sur votre \/vos articles. Si n\u00e9cessaire (ex : question pratique), nous<\/span> vous inviterons \u00e0 y r\u00e9pondre directement.<\/span><\/p>\n<p>[\/et_pb_text][\/et_pb_column][\/et_pb_row][\/et_pb_section]<\/p>\n","protected":false},"excerpt":{"rendered":"<p>[et_pb_section fb_built=&#8221;1&#8243; _builder_version=&#8221;3.19.7&#8243;][et_pb_row _builder_version=&#8221;3.19.7&#8243;][et_pb_column type=&#8221;4_4&#8243; _builder_version=&#8221;3.19.7&#8243; parallax=&#8221;off&#8221; parallax_method=&#8221;on&#8221;][et_pb_text _builder_version=&#8221;3.19.7&#8243; inline_fonts=&#8221;Arial&#8221;] Charte \u00e9ditoriale blog Wizzbe Cette charte doit \u00eatre accept\u00e9e par toute personne souhaitant proposer des contenus pour le blog Wizzbe. I\/ La ligne \u00e9ditoriale Le blog Wizzbe est destin\u00e9 aux enseignants et r\u00e9f\u00e9rents num\u00e9riques qui utilisent les outils num\u00e9riques en classe ou dans leur \u00e9tablissement. [&hellip;]<\/p>\n","protected":false},"author":1,"featured_media":0,"parent":0,"menu_order":0,"comment_status":"closed","ping_status":"closed","template":"","meta":{"_et_pb_use_builder":"on","_et_pb_old_content":"","_et_gb_content_width":"","content-type":""},"_links":{"self":[{"href":"https:\/\/blog.wizzbe.fr\/index.php\/wp-json\/wp\/v2\/pages\/300"}],"collection":[{"href":"https:\/\/blog.wizzbe.fr\/index.php\/wp-json\/wp\/v2\/pages"}],"about":[{"href":"https:\/\/blog.wizzbe.fr\/index.php\/wp-json\/wp\/v2\/types\/page"}],"author":[{"embeddable":true,"href":"https:\/\/blog.wizzbe.fr\/index.php\/wp-json\/wp\/v2\/users\/1"}],"replies":[{"embeddable":true,"href":"https:\/\/blog.wizzbe.fr\/index.php\/wp-json\/wp\/v2\/comments?post=300"}],"version-history":[{"count":5,"href":"https:\/\/blog.wizzbe.fr\/index.php\/wp-json\/wp\/v2\/pages\/300\/revisions"}],"predecessor-version":[{"id":738,"href":"https:\/\/blog.wizzbe.fr\/index.php\/wp-json\/wp\/v2\/pages\/300\/revisions\/738"}],"wp:attachment":[{"href":"https:\/\/blog.wizzbe.fr\/index.php\/wp-json\/wp\/v2\/media?parent=300"}],"curies":[{"name":"wp","href":"https:\/\/api.w.org\/{rel}","templated":true}]}}