{"id":318,"date":"2019-01-23T12:24:23","date_gmt":"2019-01-23T11:24:23","guid":{"rendered":"https:\/\/blog.wizzbe.fr\/?page_id=318"},"modified":"2020-01-06T12:28:07","modified_gmt":"2020-01-06T11:28:07","slug":"mentions-legales","status":"publish","type":"page","link":"https:\/\/blog.wizzbe.fr\/index.php\/mentions-legales\/","title":{"rendered":"Mentions l\u00e9gales"},"content":{"rendered":"<p>[et_pb_section fb_built=&#8221;1&#8243; _builder_version=&#8221;3.19.7&#8243;][et_pb_row _builder_version=&#8221;3.19.7&#8243;][et_pb_column type=&#8221;4_4&#8243; _builder_version=&#8221;3.19.7&#8243; parallax=&#8221;off&#8221; parallax_method=&#8221;on&#8221;][et_pb_text _builder_version=&#8221;3.19.7&#8243; inline_fonts=&#8221;Arial&#8221;]<\/p>\n<h1>Mentions l\u00e9gales<\/h1>\n<h4><strong>Pr\u00e9sentation du site<\/strong><\/h4>\n<p>Ce site est \u00e9dit\u00e9 par LogoSapience, SAS au capital de 71 760\u20ac<\/p>\n<p>RCS Angers\u00a0<strong>\u00a0:<\/strong>\u00a0N\u00b0 95 B 2010<br \/>\nCode APE\u00a0<strong>:<\/strong>\u00a06201Z<br \/>\nN\u00b0 TVA<strong>\u00a0:<\/strong>\u00a0FR80400614129<br \/>\nSi\u00e8ge social<strong>\u00a0:<\/strong>\u00a03 rue Pierre et Marie Curie, 49070 SAINT L\u00c9GER\u00a0DE LINI\u00c8RES \u2013 France<br \/>\nT\u00e9l\u00e9phone : 02 41 36 81 41<br \/>\nCourriel : contact@logosapience.fr<\/p>\n<p>Directeur de la publication :\u00a0M. Fran\u00e7ois CADEAU, Pr\u00e9sident de LogoSapience<\/p>\n<h4><strong>H\u00e9bergement<\/strong><\/h4>\n<p>Ce site est h\u00e9berg\u00e9 par\u00a0OVH SAS<br \/>\nSAS au capital de 10 069 020 \u20ac<\/p>\n<p>RCS Lille M\u00e9tropole\u00a0<strong>:<\/strong>\u00a0424 761 419 00045<br \/>\nCode APE<strong>\u00a0:<\/strong>\u00a02620Z<br \/>\nN\u00b0 TVA\u00a0<strong>:<\/strong>\u00a0FR 22 424 761 419<br \/>\nSi\u00e8ge social\u00a0<strong>:<\/strong>\u00a02, rue Kellermann \u2013 59100 Roubaix \u2013 France<\/p>\n<div class=\"wpb_text_column wpb_content_element vc_custom_1472548237957 \">\n<div id=\"ct_xzyo6ey7l6j67q4wncvq\" class=\"wpb_wrapper\">\n<div class=\"wpb_text_column wpb_content_element vc_custom_1472139007997 \">\n<div id=\"ct_q5efdhwedsdsc8h8cr66\" class=\"wpb_wrapper\">\n<h4><strong><span style=\"font-family: Arial;\">Contenu<\/span><br \/>\n<\/strong><\/h4>\n<\/div>\n<\/div>\n<div class=\"wpb_text_column wpb_content_element 30 \">\n<div id=\"ct_mtjhe8583y8mfidkm5q9\" class=\"wpb_wrapper\">\n<p>Ne pouvant garantir\u00a0 la pr\u00e9cision, l\u2019actualisation ou l\u2019exhaustivit\u00e9 des informations contenues sur le site https:\/\/www.wizzbe.fr,\u00a0LogoSapience d\u00e9cline toute responsabilit\u00e9 pour les \u00e9ventuelles impr\u00e9cisions, inexactitudes ou omissions portant sur des informations disponibles .<\/p>\n<p>Images et visuels<strong>\u00a0:<\/strong>\u00a0Certaines images proviennent de la banque d\u2019images en ligne https:\/\/fr.fotolia.com\/. D\u2019autres images sont extraites de la biblioth\u00e8que d\u2019images de LogoSapience.<\/p>\n<h4><span style=\"font-family: Arial; font-weight: normal;\"><strong>Liens hypertextes<\/strong><\/span><\/h4>\n<\/div>\n<\/div>\n<\/div>\n<\/div>\n<div class=\"wpb_text_column wpb_content_element 30 \">\n<div id=\"ct_1dfb23xj5rilbqgpyi4m\" class=\"wpb_wrapper\">\n<p>Les liens hypertextes mis en place dans le cadre du site https:\/\/blog.wizzbe.fr en direction d\u2019autres sites pr\u00e9sents sur le r\u00e9seau Internet, ne sauraient engager la responsabilit\u00e9 de LogoSapience en ce qui concerne leur contenu ou les liens qu\u2019ils contiennent, ainsi que leurs conditions d\u2019exploitation (notamment pour ce qui concerne la gestion des donn\u00e9es personnelles\u2026)<br \/>\nLa possibilit\u00e9 d\u2019\u00e9tablir des liens hypertextes simples vers le site https:\/\/blog.wizzbe.fr est soumise \u00e0 l\u2019accord pr\u00e9alable de la soci\u00e9t\u00e9 LogoSapience.<\/p>\n<h4><strong>Cookies<\/strong><\/h4>\n<p>Des cookies\u00a0peuvent \u00eatre d\u00e9pos\u00e9s sur votre ordinateur lorsque vous naviguez sur le site https:\/blog.wizzbe.fr.<br \/>\nIls enregistrent des informations relatives \u00e0 votre navigation sur le pr\u00e9sent site et permettent \u00e0 LogoSapience d\u2019\u00e9tablir des statistiques dans l\u2019objectif d\u2019am\u00e9liorer l\u2019int\u00e9r\u00eat et l\u2019ergonomie des services propos\u00e9s.<br \/>\nEn aucun cas, les cookies ne collectent des donn\u00e9es personnelles sauf si vous avez \u00e9t\u00e9 inform\u00e9 pr\u00e9alablement et que vous y avez consenti.<br \/>\nLes donn\u00e9es recueillies par nos soins ne sont\u00a0pas utilis\u00e9es \u00e0 d\u2019autres fins que celles\u00a0indiqu\u00e9es ci-dessus.<br \/>\nVous pouvez vous opposer \u00e0 l\u2019enregistrement de cookies en configurant votre navigateur selon les modalit\u00e9s d\u00e9taill\u00e9es sur le site de la Commission Nationale de l\u2019Informatique et des Libert\u00e9s (CNIL) : https:\/\/www.cnil.fr\/vos-libertes\/vos-traces\/les-cookies.<\/p>\n<h4><strong>Donn\u00e9es personnelles<\/strong><\/h4>\n<p>D\u2019une fa\u00e7on g\u00e9n\u00e9rale, le site\u00a0 peut \u00eatre visit\u00e9 sans avoir \u00e0 d\u00e9cliner son identit\u00e9 et \u00e0 fournir des informations personnelles. Cependant, il est parfois demand\u00e9 des informations : pour\u00a0 \u00e9tablir une correspondance, fournir un abonnement \u00e0 une newsletter ou depuis le formulaire de contact.<br \/>\nDans tous les cas, vous pouvez refuser de fournir vos donn\u00e9es personnelles. Vous ne pourrez alors pas utiliser les services du site, notamment celui de solliciter des renseignements sur notre soci\u00e9t\u00e9 ou de recevoir les lettres d\u2019information. Pour plus d\u2019informations sur vos droits, vous pouvez consulter : www.cnil.fr<\/p>\n<h4><strong>Copyright<\/strong><\/h4>\n<p>Tous les droits de reproduction sont r\u00e9serv\u00e9s, y compris pour les documents t\u00e9l\u00e9chargeables et les repr\u00e9sentations iconographiques et photographiques.<br \/>\nLa reproduction de tout ou partie du contenu de ce site sur un support quel qu\u2019il soit est formellement interdite sauf autorisation expresse de la direction de LogoSapience.<\/p>\n<\/div>\n<\/div>\n<p>[\/et_pb_text][\/et_pb_column][\/et_pb_row][\/et_pb_section]<\/p>\n","protected":false},"excerpt":{"rendered":"<p>[et_pb_section fb_built=&#8221;1&#8243; _builder_version=&#8221;3.19.7&#8243;][et_pb_row _builder_version=&#8221;3.19.7&#8243;][et_pb_column type=&#8221;4_4&#8243; _builder_version=&#8221;3.19.7&#8243; parallax=&#8221;off&#8221; parallax_method=&#8221;on&#8221;][et_pb_text _builder_version=&#8221;3.19.7&#8243; inline_fonts=&#8221;Arial&#8221;] Mentions l\u00e9gales Pr\u00e9sentation du site Ce site est \u00e9dit\u00e9 par LogoSapience, SAS au capital de 71 760\u20ac RCS Angers\u00a0\u00a0:\u00a0N\u00b0 95 B 2010 Code APE\u00a0:\u00a06201Z N\u00b0 TVA\u00a0:\u00a0FR80400614129 Si\u00e8ge social\u00a0:\u00a03 rue Pierre et Marie Curie, 49070 SAINT L\u00c9GER\u00a0DE LINI\u00c8RES \u2013 France T\u00e9l\u00e9phone : 02 41 36 81 [&hellip;]<\/p>\n","protected":false},"author":1,"featured_media":0,"parent":0,"menu_order":0,"comment_status":"closed","ping_status":"closed","template":"","meta":{"_et_pb_use_builder":"on","_et_pb_old_content":"","_et_gb_content_width":"","content-type":""},"_links":{"self":[{"href":"https:\/\/blog.wizzbe.fr\/index.php\/wp-json\/wp\/v2\/pages\/318"}],"collection":[{"href":"https:\/\/blog.wizzbe.fr\/index.php\/wp-json\/wp\/v2\/pages"}],"about":[{"href":"https:\/\/blog.wizzbe.fr\/index.php\/wp-json\/wp\/v2\/types\/page"}],"author":[{"embeddable":true,"href":"https:\/\/blog.wizzbe.fr\/index.php\/wp-json\/wp\/v2\/users\/1"}],"replies":[{"embeddable":true,"href":"https:\/\/blog.wizzbe.fr\/index.php\/wp-json\/wp\/v2\/comments?post=318"}],"version-history":[{"count":5,"href":"https:\/\/blog.wizzbe.fr\/index.php\/wp-json\/wp\/v2\/pages\/318\/revisions"}],"predecessor-version":[{"id":1059,"href":"https:\/\/blog.wizzbe.fr\/index.php\/wp-json\/wp\/v2\/pages\/318\/revisions\/1059"}],"wp:attachment":[{"href":"https:\/\/blog.wizzbe.fr\/index.php\/wp-json\/wp\/v2\/media?parent=318"}],"curies":[{"name":"wp","href":"https:\/\/api.w.org\/{rel}","templated":true}]}}